et d(u) = -u**2 + u + 2. Let t be d(2). Suppose r - 5 = t, 4*r - 16 = -4*o + 3*o. Let h(l) = 14*l**3 + 8*l**3 - 23*l**3 - 3*l**2 + 5 + 6*l. Calculate h(o).
-3
Let g(x) = -x**3 - 5*x**2 - 5*x - 1. Suppose -14 - 34 = -4*b. Suppose b = -k + 8. Give g(k).
3
Let p(h) = 0 + 1 + 1 - 2*h + 3*h. Let w(z) = 3*z + 5. Let u(b) = 5*p(b) - 2*w(b). What is u(-1)?
1
Let m(d) = 0 - d**2 - 6*d + 2 - 4*d**2 + d**3. Suppose -3*a - 2*q = -20, -3*a = 2*a + 4*q - 34. Give m(a).
2
Let n(q) = -q**3 - 2*q**2 + 2*q + 1. Let o(w) = w**2 + w + 1. Let r be o(-1). Let f = 4 + r. Suppose -f*c + 4 = i - 3*i, -4*c = -i - 2. What is n(i)?
-3
Let g(p) = 3*p - 2*p + 2*p. Let q be g(-2). Let l(z) = -4*z**2 - 8*z - 4. Let o(v) = 9*v**2 + 17*v + 9. Let y(r) = q*o(r) - 13*l(r). Determine y(2).
-6
Suppose -21 = -u + 5*l, 0 = u - 2*u + 4*l + 21. Let w be (-2)/7 + 90/u. Suppose 11 = q + 4*r, 11 = -3*q + w*r - 4. Let j(m) = 3*m**3 + m + 1. Calculate j(q).
-3
Let r be 1/(-2) + (-3)/2. Suppose -4*g = 8 - 0. Let n(k) = 1. Let i(q) = q + 2. Let f(o) = g*n(o) + i(o). Determine f(r).
-2
Let g(x) = -x - 6. Let n be g(-3). Let l(a) be the second derivative of a**4/12 + a**3/6 + 3*a**2/2 - 2*a. Determine l(n).
9
Let v be 3 + (12/8)/((-6)/10). Let a(k) be the second derivative of 2*k + 0 - v*k**2 - 7/6*k**3. What is a(1)?
-8
Let j(x) = -x - 13. Suppose 3*n = -4*n - 70. What is j(n)?
-3
Suppose -5*m - 4*h + 18 = -8, 4*h - 18 = -m. Let j(f) = -8*f**3 + 19*f**3 + 2*f**2 - 12*f**3 - 1 + 2*f. Determine j(m).
3
Let c(o) = -o**3 - 5*o**2 + 7*o + 1. Let m be c(-6). Let z = 10 + m. Let b(j) = 6*j**3 - z*j**3 + 7*j + j**2 + 8 + 6*j**2. Give b(-6).
2
Let x(s) = s**2 + s + 2. Let w(j) = j**2 + 23*j + 39. Let b be w(-21). Give x(b).
8
Suppose 0 = -3*b + 3 - 0. Suppose -3*v = -2*q + 30, 4*v + b + 15 = 0. Suppose -q = -4*z + 7. Let h(n) = n**3 - 4*n**2 + n - 4. Calculate h(z).
0
Let n(x) = 7 + 2*x + 2*x - 5*x. Let m be (-2)/(-9) - (-2)/(-9). Let z be 5 - m/(2 - 1). Give n(z).
2
Let s(t) = -t - 1. Let r(v) = 5*v + 3. Let n(b) = r(b) + 4*s(b). Let d(l) = -l + 1. Let w be d(0). Give n(w).
0
Let z(v) = 0*v - 1 + 4*v + 0*v. Suppose 3*r - 4 = -7. What is z(r)?
-5
Let l = 74 - 73. Let b(p) be the first derivative of -l + 1/3*p**3 + p - 5/2*p**2. Calculate b(4).
-3
Let p = 43 - 21. Let v = 4 + -1. Suppose v*j = 5*h - p, j + 7 = 2*h - 2*j. Let z(i) = -i**3 + 4*i**2 + 4*i + 6. Calculate z(h).
1
Let l(v) = -2*v**2 - 1. Let a be 15/(-3)*8/10. Let r = 5 + a. Give l(r).
-3
Let w(t) = t**2 + 4. Let z(u) = u**3 + 13*u**2 - 16*u - 25. Let d be z(-14). What is w(d)?
13
Let f be (4 - (-4)/(-4)) + -3. Let w(o) = f - 2*o + 5 + 6*o - 3*o. What is w(-5)?
0
Let w(o) = o - 1. Suppose 2*c - 1 = -11, 5*c = k - 20. Give w(k).
-6
Let x be (10/3)/(4/6). Let q(w) = -17*w**3 - x + 16*w**3 + 2*w + 6*w**2 + 0*w. Calculate q(6).
7
Let b(w) = 42*w + 89. Let r(m) = 14*m + 30. Let o(f) = -4*b(f) + 11*r(f). Let g(j) = -5*j - 9. Let y(i) = -17*g(i) + 6*o(i). Determine y(3).
0
Suppose 3 = 5*a + 8. Let n(x) = 9*x**3 - 2*x - 1. Give n(a).
-8
Let x(y) = -y**3 + 5*y**2 - y - 2. Let t = 0 - -2. Suppose 4*j - t = 10. Let n be 2 + j + -2 + -1. Determine x(n).
8
Let c(t) = -t**2 + 4*t. Let w(n) = n**2 - 4*n. Let r be w(5). Suppose -r*h + 2*h + 4*o - 19 = 0, 20 = 5*o. Let f be 5*h*(-3)/5. What is c(f)?
3
Let w = 13 - 12. Let x(l) = 7*l**2 + l. Give x(w).
8
Suppose 0 = -2*t - 3*d + 4, 5*t = 2*d - 5*d - 8. Let z(i) be the first derivative of i**3/3 + i**2/2 - 3*i + 4. Calculate z(t).
9
Let k(u) be the second derivative of u**5/20 - u**4/3 + u**3/2 + 3*u**2/2 - 3*u. Calculate k(4).
15
Let u(f) = -2*f - 3. Let n(h) = -3*h - 3. Let l(v) = 4*n(v) - 5*u(v). Calculate l(-6).
15
Let d(o) = -2*o**2 - 5*o + 0 - 3 + o**2. Suppose -2*u = -5*u + 9. Suppose u*i + 4*j + 8 = i, -3*j = 3. What is d(i)?
3
Suppose -2*a = u - 2 - 2, -2*u - 6 = -3*a. Let y(b) = b**2 - 2*b + 3. Give y(a).
3
Let j(l) = 5 - l - 7*l - 4 + l**2 + 3*l. Determine j(5).
1
Suppose k = -k. Let z(w) = w + 1. Give z(k).
1
Let b(i) = -i**3 + 3*i**2 + 6*i - 6. Suppose 0 + 4 = u. Calculate b(u).
2
Let g(h) = 1 + 0 + 3*h + 1. Let r(o) = o**3 - 1. Let u be r(1). Let v = u - 3. Calculate g(v).
-7
Let m(k) be the second derivative of k**3/6 - 2*k**2 - 6*k. Determine m(-4).
-8
Let d(n) = -10*n. Let r(o) = 5*o. Let c(w) = -3*d(w) - 5*r(w). Let g = -42 - -41. What is c(g)?
-5
Let l(r) = 6*r + 1. Suppose -2*d - 4*u - 6 = -0*d, 3*d - 5*u = 2. What is l(d)?
-5
Suppose 0 = -3*g + 9 + 39. Suppose g - 1 = -5*t. Let k(p) = 2*p**2 + 5*p + 2. What is k(t)?
5
Let y(i) = i**2 - 2*i - 6. Suppose -6*x = -56 - 166. Suppose 8*o - 3*o = -4*u + x, o = 4*u - 7. What is y(o)?
9
Suppose x - 4*x - 2*o - 8 = 0, 0 = 5*o - 10. Let c = 1 - -4. Let h(b) = -b - c*b + 4*b. What is h(x)?
8
Let r(a) be the first derivative of 1/2*a**2 + 0*a + 1. Give r(-5).
-5
Let n(m) = m**2 - 1. Let h be n(1). Let j = h - -3. Let s(l) = -l**3 + 3*l**2 - 2*l + 4. What is s(j)?
-2
Let t(m) = -m**3 + 8*m**2 + 10*m - 10. Let n(b) = -b**3 + 16*b**2 - 12*b - 36. Let k be n(15). Determine t(k).
-1
Let f(q) be the third derivative of q**5/30 - q**4/6 - q**3/2 - 10*q**2. Let h(v) = v**3 - 6*v**2 + 4. Let b be h(6). Give f(b).
13
Let y(q) = q - 3. Let h(i) = -i. Let r be h(-5). Let v = -4 + r. Suppose -n = -2, 4*b - v - 3 = 4*n. Calculate y(b).
0
Suppose -5*f - p - 6 = -24, 4*f - 15 = -p. Let j be (10/(-15))/((-1)/f). Let m(u) = 1 - j*u - 2 - u - 3*u. Give m(-1).
5
Let c(s) be the first derivative of 3 - 1/2*s**2 + s. Calculate c(2).
-1
Suppose -10*b + 15*b = 30. Let j(l) = l**3 - 7*l**2 + 6*l + 3. Give j(b).
3
Let p(z) = -2*z**2 - 6*z - 1. Let y be ((-6)/4)/((-12)/(-16)) - 3. Calculate p(y).
-21
Let m(r) be the second derivative of -r**4/12 + r**3/2 + 3*r**2 - r. Let j be (2 - (-10)/(-4))*0. Suppose -4*v + 8 + 12 = j. What is m(v)?
-4
Let l(q) = -q**3 + 2*q**2 - 4*q + 4. Let y be l(2). Let x(b) = -b - 1. Determine x(y).
3
Let z(j) be the first derivative of 4*j**3/3 + j**2/2 + j + 2. Let q be (-21)/(-14)*2/(-3). Calculate z(q).
4
Let o = -5 - -1. Let a(t) be the second derivative of -t**7/840 - t**6/90 - t**4/8 + t**3/3 + 2*t. Let n(u) be the second derivative of a(u). Give n(o).
-3
Let v = 14 + -10. Suppose -4*b + v*d = -36, 0 = 4*b + 4*d - 0 + 4. Let t(q) = q**3 - 7 + 7 + b*q**2 + 3 + 4*q. Give t(-2).
3
Let m(h) be the second derivative of h**3/2 + h**2 - 23*h. Suppose 2*g + 16 = -2*g. Determine m(g).
-10
Let p be 20/5*(-1)/(-1). Let s(i) = -i**3 + i - p*i**2 - 2*i**2 - 3 + 0*i - 8*i. What is s(-5)?
7
Let b(t) = -t**3 + 7*t**2 - t + 7. Let v be b(7). Let x(p) = -3 - 6*p**3 + v*p - p + 7*p**3. Give x(0).
-3
Let b(r) be the third derivative of r**5/60 + r**4/12 + 2*r**3/3 - 13*r**2. Give b(-4).
12
Let s(w) be the third derivative of w**4/12 + w**3/3 + 2*w**2. Let g(a) = -a - 6. Let r be g(6). Let m = r + 10. Calculate s(m).
-2
Let i = -13 + 8. Let c(o) be the third derivative of -o**4/24 - o**3/6 + 3*o**2. Let g(d) = d + 1. Let b(n) = 4*c(n) + 5*g(n). What is b(i)?
-4
Let q(t) = -2 + 1 + 2 + 0 + 3*t. Let l(k) = -2*k - 3. Let s be l(-3). Suppose u = 5*x + 19, 5*u - s*x + 2*x + 1 = 0. Calculate q(u).
-2
Let g(d) = d - 6. Let o(b) = b - 1. Let j be o(5). Give g(j).
-2
Let l(f) be the second derivative of -f**5/10 - f**4/12 + f**3/6 - f**2 + f. Let k = 1 + -3. Let n = k - 0. Calculate l(n).
8
Let h(b) be the second derivative of 0 + b + 11/2*b**2 - 1/6*b**3. Suppose -4 = -i + 1. Calculate h(i).
6
Let s(b) = 6 - 32 + 9 - 5*b + 10 + b**2. Calculate s(6).
-1
Let g = 0 + 3. Let h(l) = 3 + l**2 + g*l + 3*l**2 - 2*l**2 - l**2. Give h(-3).
3
Let p(g) = 3*g - 3. Let u be p(2). Suppose -11 = -u*a - 5*t, t = -3*t - 8. Let s(q) = -2*q + 10. Determine s(a).
-4
Let t(h) = -h**2 - 7*h + 1. Let d = -32 - -24. Give t(d).
-7
Suppose -5*k - 3 = 2, -3*u - 3 = 3*k. Suppose -6 = -3*g - 3*q, -g + 8 = -0*g - q. Let h(y) = -1 - y + g + 2*y. Determine h(u).
4
Let i(p) = -2*p**2 - 17*p + 1. Let t(a) = -a**2 - 8*a. Let r(o) = 2*i(o) - 5*t(o). Suppose 2*c - 19 = 6*c + n, c + 4*n = 14. Calculate r(c).
2
Let x(n) = 45*n**2 - 81*n**2 + 41*n**2 + n. Calculate x(1).
6
Let b(n) = 5*n + 5. Let s be b(-2). Let z(x) = 2*x + 6. What is z(s)?
-4
Let b(h) = -h**3 - 3*h**2 + 6*h + 4. Let f = -33 - -29. Determine b(f).
-4
Let l(x) be the second derivative of x**5/20 + x**4/3 - x**3/6 - 10*x. Calculate l(-3).
12
Le